- 48 = 0. Suppose 284 = s*c - 508. What is the units digit of c?
2
Let b = 135 - 14. Let s = -47 - -19. Let p = b - s. What is the tens digit of p?
4
Let x(n) = -n**3 - 6*n**2 - 7*n + 7. Let a be (-7 + 91/14)/(2/16). Let i be x(a). Suppose -3*m + m + 2*y = -54, 2*m - i*y = 59. What is the units digit of m?
2
Let b(l) = l**3 + 2*l**2 - 8*l + 7. Let z = 36 - 31. Suppose z*w = -d - 25 + 6, -4*w - 18 = -2*d. What is the units digit of b(w)?
7
Let w = -6704 - -13914. What is the hundreds digit of w?
2
Let l(i) = 180*i**2 + 33*i + 7. Let o be 13/5 + (-12)/(-30). What is the hundreds digit of l(o)?
7
Suppose 2*l = 19 + 3. Suppose 0 = 5*x + l + 19. Let b = 15 + x. What is the units digit of b?
9
Let m(d) = -6*d**2 + 18*d - 6*d**3 + 258 - 244 + 0*d**3 + 0*d**3. What is the units digit of m(-7)?
2
Let a(n) = -70*n**3 - 2*n**2 - n + 3. Let i be a(-3). Suppose 5*j = -2*p + 5131, 0 = -5*j + p + i + 3244. What is the units digit of j?
5
Let i(p) = 2*p + 339. Let q = 156 - 156. What is the hundreds digit of i(q)?
3
Let x(l) = 21*l - 50. Let q be x(17). Suppose -3*w - 40 = -q. What is the units digit of w?
9
Suppose -k + 1 = -2*l, -5*k + 10 - 17 = -4*l. Let t be (2 + 0)*(-2 - -1). What is the tens digit of t/(-8)*k*-92?
6
Let l(q) = 101*q**2 - 25*q + 66. What is the tens digit of l(3)?
0
Let c = -58154 + 117618. What is the ten thousands digit of c?
5
Suppose -7*i - 776 = -5*i. Let s = -167 - i. What is the units digit of s?
1
Let m = -3751 + 6563. What is the units digit of m?
2
Suppose 0 = 9*b - 6*b - 6. Let y(f) = -2 - 2*f**3 + b*f**2 - f**2 - 2*f**2 + 5*f**3 + 3*f. What is the units digit of y(1)?
3
Let c be (-3 - 3*2/(-6))*-8. What is the hundreds digit of (c/2 - 4) + -2 - -596?
5
Let v(q) = q**3 - 55*q**2 - 56*q + 645. What is the thousands digit of v(61)?
9
Let j = 1029 - 269. Let o = j + -346. What is the hundreds digit of o?
4
Let z(w) = -23*w + 2*w**2 - 2 + 6 - 4*w**2. Let j be z(-12). What is the units digit of (-2)/(-6)*(41 - j/2)?
5
What is the units digit of 275412676/2793 + 16/(-84)?
8
Let j = 12 - -56. Suppose j = 8*w + 4. Suppose -w*l + 69 + 355 = 0. What is the tens digit of l?
5
Let k(l) = -6*l - 17. Let g be (-52)/4*((-3)/1 + 2). Suppose g*y = 3*s + 10*y + 30, -2*s - 3*y - 45 = 0. What is the units digit of k(s)?
3
Suppose -5*a - 7*g + 4*g = -24, 2*a - 16 = 2*g. What is the units digit of (-9)/(-12)*-10*(-160)/a?
0
Let o = 38 + -35. Suppose -7*f = -f - o*f. Suppose f = -2*s + 15*s - 858. What is the units digit of s?
6
Suppose 7*p + 35 = 0, -972*p = -5*y - 976*p + 272980. What is the ten thousands digit of y?
5
Let w(l) be the first derivative of l**3/3 + 9*l**2 - 24*l - 25. Let d be w(-20). Let x = d + 166. What is the units digit of x?
2
Suppose 41*r - 47*r + 18 = 0. Suppose -l + 5 = 0, -2*g - r*g = 2*l - 2400. What is the tens digit of g?
7
Suppose -4*u = -0*n - n + 163, 0 = 3*n + 3*u - 414. Suppose -c - 88 = 3*k, 0 = 8*k - 3*k - 2*c + n. Let r = k + 35. What is the units digit of r?
6
Suppose 3*w - 44402 = y, 4*y - y - 29594 = -2*w. What is the hundreds digit of w?
8
Let y(x) = -8*x**2 + 4*x + 5. Let w = 37 - 41. Let i be y(w). Let q = 282 + i. What is the hundreds digit of q?
1
Let p be -3 + (1 - -702)*(0 - -1). What is the tens digit of 5/(p/233 - 3)?
6
Let l(c) = c**3 + c**2 - 3*c + 12. Let b be l(-3). What is the hundreds digit of ((-21)/b*-2)/((-10)/(-265))?
3
Let v be (270/18)/((-3)/(-58)). Suppose -21*s + v = -23*s. Let d = -101 - s. What is the tens digit of d?
4
Suppose -4*k + 46157 + 81875 = -4*w, 3*w + 32014 = k. What is the hundreds digit of k?
0
Let k(c) be the first derivative of c**3/3 - 21*c**2/2 + 33*c - 17. What is the hundreds digit of k(-30)?
5
Let f be (-2)/8 - 615622/(-168)*3. Suppose -23*b + f = -11961. What is the tens digit of b?
9
Let y(b) = -715*b + 196. What is the tens digit of y(-31)?
6
Let w(s) = s**3 + 64*s**2 - 48*s - 420. What is the thousands digit of w(-63)?
6
Let h be 6*((-56)/16 + (3 - -1)). Suppose -3*i - 5*q + 2001 = 0, -h*i - i = 2*q - 2668. What is the units digit of i?
7
Suppose 20 = 4*z - 4*p, z + 2*p - 2 = -0*p. Suppose 4*r = i - 3, -z*i = -0*i - 12. Suppose 2*a - 105 - 73 = r. What is the tens digit of a?
8
Let r = -6494 + 14637. What is the tens digit of r?
4
Suppose 33*m - 369748 - 452249 = 0. What is the tens digit of m?
0
Let m be (-1352)/26*10/(-8). Suppose m*k - 69620 = 6*k. What is the thousands digit of k?
1
Let k = 5061 - 1008. What is the hundreds digit of (2/(-1))/((-14)/k)?
5
Let t(o) = 75*o**3 + 3*o**2 - 34*o + 147. What is the thousands digit of t(4)?
4
What is the ten thousands digit of ((-56)/42 - 166202/12)/((-1)/4)?
5
Suppose -109 - 122 = -t. Let y = t + -200. What is the units digit of y?
1
Suppose -5*z + 2*w - 18 = -0*w, -z - 4*w + 14 = 0. Let y be -4 + (-4)/z - (10 - 15). Suppose 3*d = y, -2*d - 618 = -5*c - 0*d. What is the units digit of c?
4
Suppose 5*v - 3 = y + 6*v, -y = 2*v + 5. What is the hundreds digit of -3*(526 + 16)*y/2?
8
Let y be (-24)/(-18) - 2/6. Let t = 70 - 118. What is the tens digit of y/1 - (t - -16)?
3
Let p(y) = -53*y. Let f(v) = 104*v + 1. Let i(m) = 4*f(m) + 7*p(m). What is the tens digit of i(6)?
7
Let o(w) = -96*w - 186. Let s = -369 + 349. What is the hundreds digit of o(s)?
7
Let w(u) be the second derivative of 5*u**4/12 - u**2/2 + 14*u. Let g be w(1). Suppose g*q - 326 = -26. What is the tens digit of q?
7
What is the hundreds digit of 340/(-28) - -12 - (31935/(-7) + 1)?
5
Let k = -695 - -695. Suppose k*c + y + 5482 = 5*c, 4380 = 4*c + 2*y. What is the thousands digit of c?
1
Let x(h) = 101*h**3 - h**2 - h + 1. Let z be x(1). Let m(k) = -639*k + 5055. Let j be m(8). Let p = j + z. What is the tens digit of p?
4
Suppose -47 = -4*u + 41. Let o = -26 + u. What is the units digit of ((-222)/o + -4)*2/1?
3
Suppose 4*s - 117564 = -3*q, -3*s - 215597 = -5*q - 19744. What is the ten thousands digit of q?
3
Let n(r) = 821*r - 2154. What is the thousands digit of n(24)?
7
What is the tens digit of (1 + 39/(-26))/(3/(-307374))?
2
Let z(r) = r**3 + 25*r**2 - 6*r - 478. What is the thousands digit of z(-20)?
1
Let t(l) = -l**2 + 3*l + 2. Let u be t(0). Let o(v) = 2*v**u + v + 7*v**2 - 29 - 5*v**2 + 33. What is the units digit of o(3)?
3
Suppose -34*i - 83*i = -344799. What is the thousands digit of i?
2
Let v(r) = -7*r + 6. Let m be v(-6). Let t = m - 41. Let w(l) = -l**3 + 12*l**2 - 13*l - 14. What is the tens digit of w(t)?
4
Let r(p) = -620*p**3 - 5*p**2 + 2*p - 13. What is the ten thousands digit of r(-4)?
3
Suppose -2*f = -3*w + 158, -5*w - 209 = -9*w + f. Suppose -50 = d - w. Suppose d*b = 5*a + 3*b - 630, a - 5*b = 126. What is the units digit of a?
6
Suppose 3*f + 79332 = -3*d + 240186, 2*d = -4*f + 107230. What is the thousands digit of d?
3
Let d = -53267 + 96809. What is the thousands digit of d?
3
Suppose 38*q = 35*q + 384. Suppose -538 = -3*d + q. What is the units digit of d?
2
Let j(o) = -19*o. Let r(u) = -19*u**3 - u**2 + 5*u - 3. Let p be r(1). What is the units digit of j(p)?
2
Suppose -4*c = 5*b - 152, -7*c + 2*b = -11*c + 140. Let d(n) = n**2 - 18*n + 31. What is the hundreds digit of d(c)?
5
Suppose 0 = 4*y + 8 + 12, -m - 1315 = 4*y. Let r = 2527 + m. What is the hundreds digit of r?
2
Let a(q) = 4*q**3 - 24*q**2 + 58*q - 137. What is the units digit of a(18)?
9
Suppose 56*r - 12768 = 53*r. What is the tens digit of r?
5
Let j = 1 - -3. Let h(n) be the second derivative of 13*n**3/6 + 10*n**2 - 16*n. What is the units digit of h(j)?
2
Let o(n) = 24*n - 142. Let j be o(6). Suppose -2024 = -4*c + j*p, -4*p + 1514 = 5*c - 1029. What is the hundreds digit of c?
5
Let m(t) = -t**2 - 20*t + 79. Let d be m(-22). Suppose 2*w - 136 = 4*h, d + 178 = 3*w - 3*h. What is the tens digit of w?
7
Let y = -129 + 137. Suppose 14*p - 222 = y*p. What is the units digit of p?
7
Suppose 390*w + 63670 = 377*w + 257162. What is the units digit of w?
4
Suppose 3628 - 537 = -11*n. Let q = n + 331. What is the tens digit of q?
5
What is the thousands digit of (-98)/(-7)*(55304/16 + (-3 - -1))?
8
Suppose -10 = -5*z + 80. Let b(y) = -y**2 + z + 0*y**2 + 3*y**2 - 6 + 12*y. What is the tens digit of b(-7)?
2
What is the hundreds digit of ((192 - 47)/29)/(-2*(-1)/22004)?
0
Let u(x) = x**3 - 2*x - 60. Let j be 1 - 3*(-3)/(-9). Let t be u(j). What is the units